0
What is the highest common factor of 362 and 14?
2
Calculate the greatest common factor of 30 and 510.
30
What is the greatest common factor of 14 and 28?
14
What is the highest common factor of 819 and 364?
91
What is the highest common divisor of 16 and 4528?
16
What is the greatest common factor of 10 and 790?
10
Calculate the highest common divisor of 374 and 22.
22
What is the greatest common factor of 39 and 4017?
39
Calculate the highest common divisor of 44 and 77.
11
Calculate the greatest common divisor of 312 and 78.
78
What is the highest common divisor of 472 and 59?
59
Calculate the highest common factor of 2828 and 756.
28
What is the highest common divisor of 50 and 1025?
25
Calculate the highest common factor of 256 and 2512.
16
What is the highest common factor of 583 and 1272?
53
What is the highest common divisor of 57 and 2337?
57
What is the greatest common divisor of 909 and 333?
9
Calculate the greatest common factor of 2201 and 62.
31
Calculate the highest common factor of 49 and 3577.
49
Calculate the greatest common factor of 54 and 20286.
18
What is the highest common divisor of 137 and 3151?
137
Calculate the greatest common divisor of 64 and 112.
16
Calculate the highest common divisor of 10 and 1445.
5
What is the highest common factor of 31605 and 245?
245
What is the highest common divisor of 51 and 1258?
17
What is the highest common divisor of 2529 and 9?
9
Calculate the highest common factor of 99 and 9.
9
What is the highest common divisor of 33 and 99?
33
What is the highest common divisor of 2096 and 208?
16
Calculate the highest common divisor of 1320 and 1155.
165
Calculate the greatest common factor of 44 and 748.
44
What is the greatest common factor of 2874 and 6?
6
Calculate the highest common divisor of 9 and 117.
9
What is the greatest common divisor of 252 and 126?
126
Calculate the greatest common divisor of 40 and 32.
8
Calculate the highest common divisor of 12 and 300.
12
What is the highest common divisor of 21801 and 258?
129
Calculate the highest common factor of 567 and 7.
7
Calculate the highest common factor of 261 and 6351.
87
What is the highest common divisor of 49 and 1127?
49
Calculate the highest common divisor of 180 and 40.
20
Calculate the highest common factor of 56 and 36848.
56
Calculate the highest common divisor of 99 and 369.
9
Calculate the highest common factor of 2008 and 20.
4
Calculate the highest common divisor of 219 and 3.
3
Calculate the greatest common factor of 21 and 57.
3
Calculate the highest common factor of 2162 and 437.
23
What is the highest common factor of 23 and 2875?
23
Calculate the highest common factor of 222 and 1443.
111
What is the greatest common factor of 12 and 11376?
12
What is the highest common factor of 312 and 8?
8
Calculate the greatest common divisor of 25 and 14250.
25
Calculate the highest common divisor of 189 and 630.
63
What is the highest common factor of 363 and 112893?
363
What is the greatest common divisor of 2600 and 24?
8
What is the greatest common divisor of 3240 and 120?
120
What is the highest common divisor of 16 and 8?
8
Calculate the greatest common divisor of 16 and 2376.
8
Calculate the greatest common divisor of 522 and 54.
18
Calculate the greatest common factor of 77 and 22.
11
Calculate the highest common factor of 408 and 72.
24
Calculate the greatest common divisor of 777 and 210.
21
Calculate the highest common divisor of 2 and 16.
2
What is the greatest common factor of 42 and 231?
21
What is the highest common divisor of 2075 and 83?
83
Calculate the highest common divisor of 2146 and 370.
74
What is the greatest common factor of 30209 and 34?
17
What is the greatest common factor of 835 and 5?
5
Calculate the highest common divisor of 871 and 260.
13
Calculate the greatest common factor of 660 and 195.
15
What is the greatest common divisor of 16 and 32?
16
Calculate the highest common factor of 76 and 4.
4
What is the greatest common factor of 104 and 468?
52
What is the greatest common divisor of 38 and 247?
19
What is the highest common divisor of 252 and 133308?
252
Calculate the greatest common factor of 651 and 248.
31
What is the highest common divisor of 180 and 135?
45
What is the highest common divisor of 3660 and 40?
20
What is the greatest common factor of 5 and 6455?
5
Calculate the greatest common factor of 115 and 5.
5
What is the highest common factor of 60 and 4152?
12
Calculate the highest common factor of 50 and 1550.
50
What is the highest common factor of 1 and 27?
1
What is the greatest common factor of 18784 and 32?
32
Calculate the highest common factor of 56 and 42.
14
What is the greatest common divisor of 292 and 365?
73
What is the highest common factor of 132 and 4686?
66
What is the greatest common factor of 64 and 235?
1
Calculate the greatest common factor of 2051 and 1758.
293
What is the highest common divisor of 567 and 7?
7
What is the highest common factor of 128 and 8?
8
What is the greatest common divisor of 20 and 50?
10
Calculate the greatest common divisor of 6916 and 4.
4
Calculate the greatest common factor of 4856 and 8.
8
What is the highest common divisor of 66 and 3894?
66
Calculate the highest common divisor of 112 and 14.
14
What is the greatest common factor of 57 and 6?
3
Calculate the highest common factor of 204 and 17.
17
What is the greatest common factor of 377 and 351?
13
What is the greatest common factor of 8 and 84?
4
What is the greatest common divisor of 62 and 1054?
62
What is the highest common factor of 84 and 371?
7
What is the highest common factor of 435 and 5?
5
Calculate the highest common divisor of 7261 and 274.
137
What is the greatest common factor of 197 and 4925?
197
What is the greatest common factor of 72 and 4416?
24
Calculate the highest common factor of 24 and 384.
24
Calculate the greatest common factor of 169 and 286.
13
What is the greatest common factor of 2142 and 561?
51
What is the highest common factor of 1089 and 396?
99
Calculate the highest common divisor of 242 and 847.
121
What is the greatest common divisor of 426 and 8591?
71
Calculate the greatest common factor of 50 and 7175.
25
What is the highest common divisor of 76 and 4484?
76
Calculate the highest common factor of 29 and 29.
29
Calculate the highest common factor of 408 and 3723.
51
What is the greatest common factor of 141 and 12?
3
Calculate the highest common factor of 24 and 21.
3
What is the greatest common factor of 574 and 28?
14
Calculate the greatest common factor of 960 and 3456.
192
What is the greatest common divisor of 7 and 539?
7
Calculate the highest common factor of 4 and 44.
4
Calculate the highest common divisor of 552 and 6762.
138
Calculate the highest common factor of 8 and 872.
8
What is the greatest common divisor of 976 and 16?
16
Calculate the highest common factor of 1210 and 80.
10
What is the highest common divisor of 65 and 16510?
65
Calculate the highest common factor of 138 and 92.
46
Calculate the highest common factor of 901 and 68.
17
Calculate the highest common divisor of 343 and 7.
7
What is the greatest common divisor of 3424 and 32?
32
Calculate the greatest common divisor of 7 and 175.
7
What is the greatest common divisor of 28 and 63?
7
Calculate the highest common divisor of 332 and 83.
83
What is the highest common factor of 608 and 836?
76
Calculate the highest common divisor of 34 and 595.
17
What is the greatest common factor of 3 and 4857?
3
What is the greatest common factor of 56 and 70?
14
What is the highest common divisor of 75 and 200?
25
What is the greatest common divisor of 430 and 20?
10
What is the greatest common factor of 1729 and 2394?
133
Calculate the greatest common divisor of 3724 and 98.
98
Calculate the greatest common factor of 645 and 774.
129
What is the greatest common divisor of 33 and 528?
33
Calculate the highest common factor of 365 and 40.
5
What is the highest common divisor of 1675 and 25?
25
Calculate the greatest common factor of 34089 and 66.
33
What is the greatest common divisor of 348 and 36?
12
What is the highest common divisor of 972 and 36?
36
What is the highest common divisor of 171 and 9291?
57
What is the highest common factor of 119 and 391?
17
Calcul